 + 0/h + -1. Suppose g + 3*n + 9 - 3 = i, 30 = 3*g - 3*n. What is the units digit of g?
6
Suppose v - 2 = 2. Suppose 0 = -v*t + 19 + 41. Let d = 25 - t. What is the units digit of d?
0
Let y(i) = -i**3 - 6*i**2 - 8*i - 6. Suppose 4*r - 2*x + 12 = 0, 4*x - 5 + 1 = 4*r. What is the units digit of y(r)?
9
Let a be 102/(-9) - (-6)/(-9). What is the units digit of a/10*(-10)/3?
4
Suppose 3*c - 3*p = -6*p + 57, -15 = 5*p. What is the units digit of c?
2
Let t(c) be the first derivative of -c**4/4 - 7*c**3/3 - c**2/2 - 2. Let p be t(-6). What is the units digit of (16/5)/((-12)/p)?
8
Let i = -5 + 8. Suppose -2*k = -c + i + 6, 0 = 5*c + 4*k - 3. Suppose g + 3*x - 11 = -0*g, -5*g = c*x - 55. What is the tens digit of g?
1
Let n be (-2)/(-9) - (-16)/9. Suppose 23 = 5*y + g, -3*g + 13 = n*y - y. Suppose -4*v - 16 = -y*z, 2*v - 2 = 3*v. What is the units digit of z?
2
What is the tens digit of 2 + (-1)/((-4)/452)?
1
Let o(l) be the second derivative of l**5/5 + l**3/3 - l**2/2 + 2*l. Let i be (-2)/(-6) + (-4)/(-6). What is the units digit of o(i)?
5
Let t = -136 - -191. Suppose 5*w = 32 - 12. Suppose -l + t = w*l. What is the tens digit of l?
1
Let x(n) = 32*n**3 - 2*n - 1. Let j be x(-1). Let o = j - -54. What is the tens digit of o?
2
Let i(x) = 4*x + 1. Let a = 0 + 1. Let j be i(a). Let d = j + 4. What is the units digit of d?
9
Let v = -6 - -6. Let l be (-3 + v/3)*1. What is the units digit of -3*4/18*l?
2
Let g be (1 - (-3 + 2)) + 15. Let p = 33 - g. What is the tens digit of p?
1
Let o = 4 - 2. Suppose 0 = 2*j + o*j - 4. What is the tens digit of j*2/(-2) + 14?
1
Let g(f) = -2*f - 1. Let b be (42/35)/((-6)/40). What is the tens digit of g(b)?
1
Suppose -16 + 6 = 5*i. What is the units digit of (-84)/(-35) + i/5?
2
What is the units digit of ((-104)/14)/((-36)/126)?
6
What is the tens digit of (89 - (-1 - 0)) + (-1 - -2)?
9
What is the tens digit of (-3)/(1 + (-129)/120)?
4
Suppose 0 = 5*c - b + 5*b - 119, 0 = -2*c + 4*b + 42. Let t = 47 - c. What is the tens digit of t?
2
Suppose -6*k + 21 - 3 = 0. What is the units digit of k?
3
Let u be (-4 + 5)/(2/12). Let a = -4 + u. Suppose 2*w - 17 = a*s - 3, -3*s = 5*w - 3. What is the units digit of w?
3
Let c = 12 - 65. Let f = 85 + c. What is the tens digit of f?
3
Let x(z) = -z**3 + 7*z**2 + z. Let c be x(4). Let k = -37 + c. What is the units digit of k?
5
Suppose -5*y - b = -1463, -y - 575 = -3*y + 3*b. What is the tens digit of y?
9
Suppose 7*n - 4*n - 3*c = 51, 88 = 5*n - 2*c. Suppose -5*q + 17 = 4*f, -4*q + n = 5*f - q. What is the units digit of f?
3
Suppose -484 = -2*u - 0*u. What is the tens digit of u?
4
Suppose -25 = 3*t + 2*t. Let r = 5 + t. Suppose h + 2*o + 2*o - 8 = 0, r = 5*h + o - 21. What is the units digit of h?
4
Let u(x) = -x**3 + 9*x**2 + 3*x - 9. What is the tens digit of u(7)?
1
Let u(j) = -3 + 3*j**3 - 7*j**2 - 2*j**3 - 8*j**2 + 9*j + 6*j**2. Let a be u(8). Suppose a*l = 9 + 21. What is the units digit of l?
6
Suppose n + 10 = 2*v - 0*v, -n - v = 10. Let x = 2 - n. What is the tens digit of x?
1
Let s(b) = b**2 - 4*b + 2. Let n be s(4). Let f = n - 3. What is the units digit of ((-2)/6)/(f/9)?
3
Let n(c) = -c**3 + c**2 - c - 1. Let f(d) = -4 + d - 4*d - 7*d**2 + 0*d. Let y(j) = f(j) + n(j). What is the units digit of y(-6)?
9
Suppose 5*c = 4*p - 48, -5*p + 15 = 3*c + 2*c. Suppose -5 = h - 5*d - 0, -5 = -5*d. Suppose -3*n - p + 58 = h. What is the tens digit of n?
1
Let s(x) = x**2 - 7*x + 2. Suppose 4*h - 5*h = 0. Suppose j + 2*j + o = 24, -3*j - 4*o + 33 = h. What is the units digit of s(j)?
2
Suppose -20 = 8*w - 3*w. What is the tens digit of (-2)/(w/7)*10?
3
Let w(a) = -3*a**2 - a**3 + 3*a + 2*a**3 - 1 + 2*a**2. Suppose -5*z = 4*s + 6, -4*s = s + 20. What is the units digit of w(z)?
9
Let k be -2*2/4*-4. Suppose 5*b - 4 = k*r + 15, -b + 4*r + 7 = 0. Let a = 5 - b. What is the units digit of a?
2
Let a be (-1)/(-2 - (-117)/57). Let n = a + 31. What is the units digit of n?
2
What is the units digit of 9/(69/(-18) + 4)?
4
Suppose 4*b = -4*i - 0 + 4, -4*b + i + 19 = 0. Suppose -2*j + 4*u = 2*j - b, -2*j - 4*u = -14. What is the units digit of j/(-1 - 2) + 3?
2
Suppose -3*h = -f + 44, 3*f = -h + 5*h + 122. Let d = 73 - f. What is the units digit of d?
5
Let t(p) = p**3 + 8*p**2 + p + 10. Let o be t(-8). Suppose -o*k - 6 + 22 = 0. What is the units digit of k?
8
Let c(x) = 2*x + 8 + 0*x + 3*x - 2 - x**2. What is the units digit of c(5)?
6
Suppose 0 = -3*r + 4 + 11. Suppose r = 3*u - 4. What is the units digit of u?
3
Suppose -2*w + 5*w = 12. Suppose -w*r - 5 = r. What is the units digit of -3 + (-3)/r + 9?
9
Suppose 2*x = -3*t + 211, 8*t + 235 = 2*x + 3*t. What is the units digit of x?
0
What is the units digit of -8*((-18)/(-8))/(-3)?
6
Let q = 47 + -36. What is the tens digit of q?
1
Let x = 235 - 118. What is the hundreds digit of x?
1
Let l(g) = -g**3 - 6*g**2 + 4. Let z be l(-6). Let u(w) = w**3 + 5*w**2 - 2. Let d be u(-5). What is the units digit of 3 + d + -1 + z?
4
Let j be 7 - 0*2/4. Let g = 0 + 1. Suppose 2*z - j = g. What is the units digit of z?
4
Let r(q) = q**2 - q - 4. What is the tens digit of r(-6)?
3
Suppose 0 = -p + 5*p - 96. What is the tens digit of p?
2
Suppose 0*g - 174 = -g. What is the hundreds digit of g?
1
Suppose 5*n = -4*x + 299, -2*x + 4*x = -2*n + 148. Let y be (-103)/2 - (-4)/8. Let a = y + x. What is the tens digit of a?
2
Let s(d) = d**3 - 5*d**2 + 5*d. Let n be s(5). Let j be (-3)/(-4) - n/(-20). Suppose 12 = 2*z + z + i, -5*z + 20 = j*i. What is the units digit of z?
4
Suppose -7*n + 144 = -4*n. What is the units digit of n?
8
Suppose 59 = 12*h - 373. What is the tens digit of h?
3
Let n(m) = -m**3 - 6*m**2 - 4*m + 6. Let f(y) = 2 + 2*y**3 - 3*y**3 + 6*y**2 - 7. Let h be f(6). What is the units digit of n(h)?
1
Suppose 0*y - 4*y = 0. Suppose 2*t - 2 - 1 = -5*w, -2*t - 2 = y. What is the units digit of w?
1
Let m(b) = b**3 - b**2 - b + 4. Let l be m(0). Let v be (-26)/(-5)*(6 - 1). Suppose 0 = -2*n + 4, l*s = n - 0*n + v. What is the units digit of s?
7
What is the tens digit of 2*33/3 + -2?
2
Suppose 51 = u + 2*u. What is the units digit of u?
7
Let h be (-416)/10 + 26/(-65). Let y be (-2)/8 + (-115)/4. Let v = y - h. What is the tens digit of v?
1
Suppose j - 15 = 4. Suppose -r = -j - 9. What is the tens digit of r?
2
Let i(h) = -2*h**2 - 3 - 6*h + 1 + 2*h. Let r be i(-4). Let u = 31 + r. What is the tens digit of u?
1
Let v = 19 - 6. Let d = -11 + v. Suppose -4*j + 15 = 2*h + 3*h, 10 = d*j + 2*h. What is the tens digit of j?
1
Suppose -20 + 57 = 3*f - i, 0 = -2*f + 4*i + 28. What is the units digit of f?
2
Let f(b) = 26*b - 24. What is the tens digit of f(4)?
8
Suppose -2*b + 0 = 4*s + 4, -3*s + 25 = -2*b. Let k = b + 14. What is the units digit of k?
6
Suppose -36 + 198 = 3*s. What is the units digit of s?
4
Let x(f) = 1 - 3 + 8*f + 1. What is the units digit of x(1)?
7
Let w(r) = -2*r - 7. Let g be w(-6). Let v = g + 10. What is the units digit of v?
5
Let n = 146 + -36. What is the units digit of n?
0
Suppose -730 - 614 = -7*k. What is the tens digit of k?
9
Suppose 4*d - 24 = 8. Let u be 71/4 - (-2)/d. What is the units digit of ((-3)/9)/((-2)/u)?
3
Let h(l) = 5*l - 4. Suppose 0 = 3*d + d - 12. What is the units digit of h(d)?
1
Let u = 11 - 9. Suppose -3*f + 8*f - 5 = 0, -u*l = f - 21. Suppose -6*t + t + l = 0. What is the units digit of t?
2
Let s(t) = 3*t - 10. What is the tens digit of s(11)?
2
Let d(a) = 2*a + 3. Let r be d(3). What is the units digit of (-1)/(-3) + 51/r?
6
Let c(b) = b**3 - 5*b**2 + 3*b + 4. Let i be c(5). Let n = i + -11. What is the units digit of n?
8
Let o = -9 + 14. Suppose 0 = 3*x + 5*r - 14, -2*r + o*r = 5*x - 12. What is the units digit of x?
3
Suppose s + 4*x = -13, -2*s - 2*x = -0*s + 20. What is the units digit of (-238)/21*s/6?
7
Let v = 256 + -35. What is the units digit of v?
1
Let z = -18 + 30. Let f = 34 - z. Suppose o - f = -o. What is the units digit of o?
1
Suppose -12*r + 17*r - 1065 = 0. What is the units digit of r?
3
Suppose -3*j - 99 + 276 = 0. What is the tens digit of j?
5
Let s be -1 - -3 - 3 - 1. Let t(l) = -l**3 - l**2 + 4*l + 3. Let r be t(s). What is the tens digit of (-14*(-2)/(-2))/r?
1
Suppose 0 = -11*c - 14*c + 1675. What is the units digit of c?
7
Suppose w = f - 0 + 1, 5*w + 3 